2 - 9*n + 1. Let u = 0 - -1. Calculate the remainder when u is divided by j(w).
0
Suppose 60 = -3*d + 7*d. Suppose 0 = 2*h - 92 + 4. What is the remainder when h is divided by d?
14
Let x(h) = -22*h - 45. What is the remainder when 54 is divided by x(-3)?
12
Suppose 23 = 5*t - u, -11 = -5*t - 11*u + 8*u. Let l = -4 - -7. Suppose -3*j + 3*m + 3 = 0, 2*m = t*j - l*m - 1. What is the remainder when 8 is divided by j?
0
Suppose 5*p - 27 = -3*g + 13, -2*p + 2*g = 0. What is the remainder when p is divided by 3?
2
What is the remainder when 262 is divided by 8 + (-17 - -12) - (3 - 85)?
7
Let c = -28 + 51. Suppose 0 = 6*t + c - 101. What is the remainder when 4*5/((-10)/(-12)) is divided by t?
11
Let t = -10 + 9. Let y be t/5 + (-662)/(-10). Suppose -20 = -2*w + 4*z, y = 3*w - 0*w + 3*z. Calculate the remainder when 53 is divided by w.
17
Let s = 1104 + -796. What is the remainder when s is divided by 31?
29
Let t(i) = i**2 - 6*i - 1. Let z be t(6). What is the remainder when 11 is divided by z*(-13 + 4 + 0)?
2
What is the remainder when 279 is divided by 20/3*(-3)/(-1)?
19
Let g(s) = 8*s**2 + 29*s + 12. What is the remainder when g(-6) is divided by 58?
10
Suppose 0*v - 13 = -v. Suppose -5*o + 15 = 0, 4*g - 4*o + 0*o = 132. What is the remainder when g is divided by v?
10
Let k = -81 + 93. Suppose -d - 660 = -k*d. What is the remainder when d is divided by 9?
6
Let n = -104 + 109. Suppose 0*m - n*m + 6 = o, -5*o + 54 = m. Calculate the remainder when o is divided by 4.
3
Let x(y) = y + 11. Let g be x(-8). Suppose v - 28 = g*k, 5*v + 0*v + 5*k = 40. What is the remainder when 36 is divided by v?
10
Let r(z) = -z**2 + 50*z - 224. Let m(h) = -h - 1. What is the remainder when m(-4) is divided by r(5)?
0
Let f be (12/(-18))/(2/93). What is the remainder when f/(-3)*3 + 0 is divided by 16?
15
Suppose 2*r = -6, -4*v + 5 = r + 4*r. Suppose v*g - 195 = 5*h, -2*g - h + 51 + 36 = 0. Let y = 65 - g. Calculate the remainder when 89 is divided by y.
20
Suppose -3*t = 3*a + 54, -87 = 4*a - 0*t + t. Let r = a + 26. Calculate the remainder when 6 is divided by 3/(r*5/15).
0
Suppose 44 + 20 = 8*p. Suppose 6*q = p*q - 62. What is the remainder when q is divided by 8?
7
Suppose 5 = 5*z, 5*n - 45 - 33 = 2*z. What is the remainder when 204 is divided by n?
12
Suppose -1 = r + 14. Let n be 5/r*(0 - -6). Let a = 14 + n. Calculate the remainder when 45 is divided by a.
9
Suppose -2*a = -5*a - 6. Suppose 0 = k - 3*x - 20, -2*k - 3*x = -34 + 3. Calculate the remainder when k is divided by (-41)/(-4) - a/(-8).
7
Let m(x) = 8*x + 29. Let o be ((-1)/3)/((-1)/54). What is the remainder when m(o) is divided by 44?
41
Let g = 131 - -17. Suppose -4*i = -5*c - 2*i + 185, -4*c + g = 2*i. What is the remainder when c is divided by 10?
7
Suppose 18411 = 12*c - 17865. What is the remainder when c is divided by 144?
143
Let u(v) = -2*v**2 + 28*v + 9. Calculate the remainder when u(4) is divided by 26.
11
Suppose 0 = -g + 4*u + 184, -2*g = 2*u - 3*u - 368. What is the remainder when g is divided by 38?
32
Let f = 482 - 436. Calculate the remainder when f is divided by 35.
11
Let g be (-1)/(((-2)/(-70))/(36/180)). Let x(s) = 3*s**2 + 11*s + s - s**2 - 3. What is the remainder when 41 is divided by x(g)?
8
Suppose 4*j + 0*j - 64 = 0. Suppose -542*l + 548*l - 228 = 0. What is the remainder when l is divided by j?
6
Let l = -452 + 496. What is the remainder when l is divided by 5?
4
Let p(i) = 2*i + 11. Let a be p(-6). Let m = 7 - a. Calculate the remainder when m is divided by 4.
0
What is the remainder when 332 is divided by 1752/(-365)*(-35)/3?
52
Let h(x) = -x**2 + 12*x + 3. What is the remainder when 1648/40 + (-1)/5 is divided by h(11)?
13
Suppose 31*g - 1742 = 18*g. Calculate the remainder when g is divided by 47.
40
Let f(y) = 51*y + 94. Calculate the remainder when f(22) is divided by 42.
40
Let i(b) = b**3 + 4*b**2 - 4*b + 8. What is the remainder when i(-4) is divided by 16?
8
Let o be 2/(-5) + 30/(-25)*-2. What is the remainder when 2 + 1*(o - -40 - -1) is divided by 23?
22
Let k be -5 - -3*12/9. Let n be 0 + (-2 - k) - -34. Let r = -18 + n. What is the remainder when 28 is divided by r?
13
Suppose 0*w = 4*w - 16. Let z be 0 + 2 + -4 + w. Suppose -4*m + 16 = 2*s, 9 = z*s + 3*m - 8. Calculate the remainder when 38 is divided by s.
8
Let f = 19 - 8. Let v(o) be the first derivative of o**2 - 8*o + 1. What is the remainder when v(f) is divided by 8?
6
Let v(g) = 198*g - 8103. Suppose 2*n = 3*m - 18, -4*m - 3*n = n - 44. Suppose 0*y = y - m. Calculate the remainder when v(41) is divided by y.
7
Suppose 46*x - 32 = 38*x. Suppose -15*y = -x*y - 341. Calculate the remainder when y is divided by (-4)/5*10/(-1).
7
Let l be -7 - (20/(-4) + 3). What is the remainder when 63 is divided by (21 - l)*(-2)/(-4)?
11
Let t be (-7 - -3)*5/(-10). Let i = t + 36. Suppose -5*q + q = -40. What is the remainder when i is divided by q?
8
Suppose -4*s + 5*m = -32, 2 = -2*s - 5*m + 3*m. What is the remainder when (s + -1)/(9/63) is divided by 9?
5
Suppose 2*h - 6 - 22 = -2*c, -22 = -2*c + h. What is the remainder when 22*2/8*4 is divided by c?
10
Suppose 95*p - 89*p - 228 = 0. Calculate the remainder when p is divided by 17.
4
Let r be -20*(-3 - -5)/(-2). Suppose -5*k - 3*f - r = -4*k, -4*f = -k + 8. Let x = k + 27. Calculate the remainder when x is divided by 10.
9
Let y(k) = 11*k - 15 + 0*k**3 - 135*k**2 + 127*k**2 + k**3. What is the remainder when 128 is divided by y(7)?
11
Suppose -c - c = -68. Suppose 0 = -38*w + c*w + 164. Calculate the remainder when 162 is divided by w.
39
Suppose 0*a - 68 = -a. Calculate the remainder when a is divided by 26.
16
Let c(v) = v**3 + 5*v**2 - 10*v - 4. Suppose 4*x - 82 = 70. Calculate the remainder when x is divided by c(-6).
18
Let n(h) = -4*h + 66. Let o be n(16). Let y be 1*-1*1 - -7. Calculate the remainder when o*(-3)/y - -18 is divided by 5.
2
Let a = -41 - -139. Let c = 50 - -17. Suppose 5*j - a - c = 0. What is the remainder when j is divided by 12?
9
Suppose k - a - 1 = 0, 2*k - 2 = -a + 9. Suppose -35 = -k*n - h + 2, 4*h = 4*n - 52. Calculate the remainder when 47 is divided by n.
7
Suppose -5*s + 3*l = -0*s + 65, 26 = -2*s - 3*l. Let g(o) = -o**3 - 14*o**2 - 15*o + 2. Calculate the remainder when g(s) is divided by 11.
6
Suppose 0*s = 12*s - 1152. Let t be -2*(1 - 2)*17. Let w = t - 9. Calculate the remainder when s is divided by w.
21
Let s(x) = -x**2 - 7. Let i be s(-5). Let u = -22 - i. Suppose -4*q + 102 = 5*n - 93, 0 = 2*n + 4*q - 78. What is the remainder when n is divided by u?
9
Suppose 497 = h - 377. Suppose -9*t = -629 - h. Calculate the remainder when t is divided by 42.
41
Suppose 3*k - 18 = 4*j - 3*j, -2*j + 34 = 4*k. Suppose 4*w = 5*p + w - 9, 0 = -p - 2*w + k. What is the remainder when 6 is divided by p?
0
What is the remainder when 17 is divided by 25 - 23 - (-1 + 1) - -9?
6
Let k(x) = 2*x - 6. Let i be k(4). Suppose -i*a = -7*a. Suppose 2*m = -a - 10, 0 = -5*r + 5*m + 310. Calculate the remainder when r is divided by 15.
12
Suppose 2*l = l + 4. Suppose -5 = j - 40. Suppose j + 49 = l*k. Calculate the remainder when k is divided by 6.
3
What is the remainder when 390 is divided by (3724/(-152))/(1/(-2))?
47
Let c(g) = g**3 - 32*g**2 + 33*g - 58. Let f = -18 - -37. Calculate the remainder when f is divided by c(31).
3
Let q = -20 - -30. Suppose -60 = -5*z - d, -3*d + 22 = 4*z - 26. What is the remainder when 27 is divided by (z/q)/((-6)/(-80))?
11
Suppose 10 = x - 2. Calculate the remainder when (-2)/(-3) + 40/x is divided by 4.
0
Let a(s) = -5*s + 2*s + 14*s + 0*s. Calculate the remainder when 3/((-27)/6)*-48 is divided by a(1).
10
Let l(u) = u**2 + 2*u - 85. What is the remainder when 314 is divided by l(10)?
34
Let z(b) = -7*b + 1. Let f = -3 + 1. Let j be z(f). Let g = 17 - j. Calculate the remainder when 4 is divided by g.
0
Suppose 4 = v + 5*l, 8 = 2*v + l - 0*l. Suppose -4*x - v = -4*s, -2*x = -3*x - 4*s + 14. Calculate the remainder when (1/2)/(x/176) is divided by 15.
14
Let s(d) = d**2 + d - 3. Let u be s(0). Calculate the remainder when u + ((-240)/1)/(-5) is divided by 16.
13
Suppose -148*j + 24570 = -66*j + 152*j. What is the remainder when j is divided by 5*(6/5 + 0)?
3
Suppose y - 3*k = -4, 2*y + 0 = 5*k - 5. Suppose -y*a